f y(m)?
4
Suppose -2*v - 5*i = -1719, -i = -2*v + 2*i + 1743. Suppose m + 6 - v = 0. What is the tens digit of m?
6
Let w be -235*(-2 - -1)*1. Suppose 2*m + 2*x + w - 827 = 0, x = -4*m + 1190. What is the units digit of m?
8
Let d = -988 - -14485. What is the hundreds digit of d?
4
Suppose -2*m - 57 = -35. Let r(n) = 2*n**3 + 30*n**2 + n + 6. What is the tens digit of r(m)?
6
Suppose 0 = 2*f - 4*m - 37066, f = 5*m + 2910 + 15614. What is the units digit of f?
9
Suppose 31*v - 32*v + 3 = 0. Suppose 131 - 146 = -v*n. What is the units digit of n?
5
Let h be (-13 - 89621/(-91)) + (-4)/(-26). Let y = h + -430. What is the hundreds digit of y?
5
Let a be (7 - (-2 + 4))*(-8)/(-5). What is the tens digit of (5824/a)/4 + 4/(-1)?
7
Suppose -3*g + 6282 = 3*o, -7 = -2*o - 9. Let y = g - 1265. What is the tens digit of y?
3
Suppose -100 = -7*y - 23. Suppose 4 = -y*c + 7*c. What is the units digit of 14 - 10 - (-72 - c)?
5
Suppose -3*l + 5*o = -107719, 5*l - 100*o + 96*o = 179549. What is the ten thousands digit of l?
3
Let f = -1319 - -824. What is the tens digit of 4*-1*f/12?
6
Let j(n) = -393*n - 524 + 1044 - 534. What is the tens digit of j(-1)?
7
Let q = -12634 + 19487. What is the hundreds digit of q?
8
Let z = -551 + 321. What is the units digit of z/(-4)*6 - -3?
8
Let v be (0 - 6)/6 + 2 + 3. Suppose v*l = 20*l - 6160. What is the units digit of l?
5
Suppose -2*z - 114 = z. Let t = z - -144. Let c = t + -3. What is the tens digit of c?
0
Let b(l) = l**2 + 2. Let r be b(-3). Suppose r*m = 13*m - 6. What is the units digit of (-2)/(-12) - (m + (-3524)/24)?
4
Suppose 4*x - 206 = -3*d, -x - 16 + 67 = d. What is the tens digit of x?
5
Let h = -18138 - -28755. What is the hundreds digit of h?
6
Let x(h) = 9*h + 30. Let c be x(-3). Let g(p) = -p**2 + 29*p - 65. What is the tens digit of g(c)?
1
Suppose 3 + 0 = s. Suppose 15 = -s*p, 4*p + 284 + 364 = -4*c. Let h = c + 242. What is the units digit of h?
5
Let d(o) = -o**2 - 169*o - 24. What is the thousands digit of d(-33)?
4
Suppose 35*b - 43232 = -16*b + 28831. What is the tens digit of b?
1
Let o(j) = -733*j**3 - 8*j**2 + 10*j - 1. Let a be o(1). Let v = 1231 + a. What is the hundreds digit of v?
4
Let z(u) = -u**3 - 9*u**2 + 23*u - 13. Let g be z(-11). Let a = g - -262. What is the hundreds digit of a?
2
Suppose 2 = 2*a, 515 = 5*r + 7*a - 2*a. Suppose 5*y - y - 2*b = -78, -2*b - r = 5*y. What is the units digit of (-190)/(-4)*y/(-10)?
5
Suppose 5*l = -7*l - 5304. Let d be (-6)/15 - l/5. Suppose 7*w - 5*w + 2*s - d = 0, 0 = s + 3. What is the tens digit of w?
4
Suppose 5*n + 2*c - 14 = 0, 0 = 4*n - 6*n - 2*c + 8. Suppose -5*h + 1425 = 5*w, -2*w - 579 = -n*h - w. What is the hundreds digit of h?
2
Suppose i = 5*f + 23, -165*f + 163*f = 3*i - 1. Let p = 24 - 14. Suppose p = i*g - 71. What is the tens digit of g?
2
Suppose -b - 207331 - 27060 = -32*b. What is the thousands digit of b?
7
Suppose u - 5*c = 54538, 79*u - 75*u - 218062 = 2*c. What is the hundreds digit of u?
5
Let w(t) = t**2 - 211*t + 2916. What is the tens digit of w(13)?
4
What is the tens digit of (2/4*7280/(-156))/(2/(-615))?
7
Let s(j) = -j**3 + 17 - 5*j + 9*j - 2*j**2 - 17 + 6. What is the units digit of s(-5)?
1
Let b(v) = -4*v**3 + 24*v**2 - 3*v - 12. Let d be b(6). What is the tens digit of 7 - (-932 - d/(-6))?
4
Let w = 12177 + 3047. What is the units digit of w?
4
Suppose -7*a + 8 = -27. Let s be a/(-15)*(101*-449 + 1). What is the hundreds digit of (2/(-5))/(-7 + s/2160)?
2
Let n(s) = 2*s. Let x(m) = -12*m - 5. Let u(r) = 10*n(r) + 2*x(r). Let f be u(-8). Suppose -656 = 18*a - f*a. What is the units digit of a?
4
Let h = 23392 - 14673. What is the units digit of h?
9
Let c be 3/(-4 + (-38)/(-8)). Suppose -4*l + 3*o + 6 = 13, -4*l - 12 = -c*o. Suppose -l*q - 552 = -10*q. What is the units digit of q?
9
Suppose 5*p = -2*q + 8, 15 - 3 = 3*q - 2*p. Suppose -4*a - 5 = -1, -5*h + 21 = q*a. Suppose 4*y - 288 = 4*w, 4*w + 92 = h*y - 265. What is the units digit of y?
9
Suppose w - 2*o + 21 = 0, 111 = -4*w - 0*o - o. Let d = -15 - w. Suppose 5*q + d - 39 = -3*z, -q = 0. What is the units digit of z?
9
Suppose -202506 = -3*b - 3*h, 0 = -3*h - 173 + 200. What is the ten thousands digit of b?
6
Suppose -q - 2 = -0*q, r - 2*q - 4 = 0. Suppose r = 13*f - 29*f + 2384. What is the units digit of f?
9
Let j = -10231 - -18710. What is the units digit of j?
9
What is the hundreds digit of (-40)/(-15)*2/((-128)/(-198760))*6?
6
Suppose 24 = -3*z + 3, 3*y - 44986 = -5*z. What is the thousands digit of y?
5
Let w be -19 + (2/13 - (-250)/65). Let a(f) = -f**2 - 25*f - 25. What is the units digit of a(w)?
5
Suppose -4*o = -44 - 48. Suppose -24*s = -o*s + 12. Let v = s + 58. What is the tens digit of v?
4
Let d be (-41)/(-13) + (36/(-117))/2. Suppose 34 + 545 = d*f. What is the units digit of f?
3
Suppose -272347 - 107934 = -51*d - 62959. What is the hundreds digit of d?
2
Suppose -112*w + 13324 = -116*w. Let v = w + 4726. What is the thousands digit of v?
1
Suppose 11*v - 48 = -5*v. Suppose 2*f + v*o - 5 = 8, 0 = 3*o + 9. Suppose 8*z = f*z - 249. What is the tens digit of z?
8
Let x = -263 - -402. Suppose 0 = -150*v + x*v + 12364. What is the hundreds digit of v?
1
Suppose 7*o + 30*o = 74. Suppose -3*x + 4*j + 22 = o*j, 5*x = j + 39. What is the units digit of x?
8
Let s = -300 - -1188. Suppose 0 = 12*d - s + 312. What is the units digit of d?
8
Let u(y) = y - 1. Let c be u(5). Suppose -5*d + 3131 = c*n, -4*n + 5*d + 4009 = 828. What is the hundreds digit of n?
7
Let r = -72 - -116. Suppose k - 60 = -k + w, -2*k - 3*w + r = 0. What is the hundreds digit of -5*(-2)/70 - (-8284)/k?
2
Suppose 77*r = 96306 + 121219. What is the thousands digit of r?
2
Suppose 5*x = 3*g + 1094, 0 = -4*x + 3*x - 2*g + 224. Suppose 185 = -r - x. Let s = r + 626. What is the tens digit of s?
2
Let f(s) = -s**3 - 8*s**2 - 2*s - 16. Let o be f(-8). Suppose -4*r - 107 = -3*r + 5*l, o = -4*r - l - 352. Let v = r - -125. What is the units digit of v?
8
Suppose 0 = 16*i - 243581 - 146371. What is the units digit of i?
2
What is the hundreds digit of ((-7158)/(-15))/(133/5320)?
0
Suppose -2*s + 14562 = 3*r, r = -3*r - 5*s + 19416. What is the tens digit of r?
5
Suppose -4*b + 3*g + 8 = b, -4*b = 5*g - 36. Suppose -238 + 220 = -6*l. Suppose 9*z - 21 = 4*m + b*z, -l*m + 28 = 5*z. What is the units digit of m?
1
Let o = 116 - 114. Let q(t) = -12*t - 77 + t**o - 7 + 38 + 2. What is the units digit of q(21)?
5
Suppose 14*x - 172510 - 159598 = 0. What is the hundreds digit of x?
7
Suppose 0 = -49*f - 19624 + 111182 + 439994. What is the hundreds digit of f?
8
Suppose -1157*n + 1200*n - 2694724 = 0. What is the tens digit of n?
6
Let n be (-664)/12*(-3 - -15). Suppose 0 = 2*c + 12 + 6. What is the tens digit of n/c + (-20)/(-90)?
7
Let r(q) = q**3 + 27*q**2 + 27*q - 18. What is the units digit of r(-21)?
1
Let z(d) = -d**3 + 4*d**2 + 3*d - 2. Let p be z(4). Suppose 385 + 615 = -p*s. Let n = -31 - s. What is the units digit of n?
9
Let l(y) = 55*y**2 + 16*y - 7. Let z(h) = 37*h**2 + 11*h - 5. Let x(r) = 5*l(r) - 7*z(r). What is the tens digit of x(5)?
1
Let n(m) = 35*m**2 - 439*m - 50. What is the tens digit of n(18)?
8
Suppose 55*p - s - 60139 = 53*p, 4*p + 5*s - 120257 = 0. What is the thousands digit of p?
0
Suppose 4*b = -8, 3*m + 0*b = b + 23. Suppose -m*x = -5*x - 22. Suppose -x*h = -3*h - 840. What is the hundreds digit of h?
1
Let j be 0 - (-14)/21*7446. Suppose 5*o + 4*x = j + 1296, -2*x - 1238 = -o. What is the units digit of o?
8
Let s(d) = -59*d + 398. What is the hundreds digit of s(-55)?
6
Let a = -23 - -29. What is the units digit of (-15)/(a/(-216)*4)?
5
Let z = -118336 + 166548. What is the ten thousands digit of z?
4
What is the thousands digit of 2185 - (-18)/(-8)*(-208)/(-78)?
2
Suppose 4*x + 5*x + 13480 = 11*x. What is the tens digit of x?
4
Let r = 224 + -613. Let x = r + 631. What is the units digit of x?
2
Let a be (103 + 0 - 0)*88/(-11). Let n = -466 - a. What is the tens digit of n?
5
Let v = 22991 + -11694. What is the thousands digit of v?
1
Let t = -4400 - -11634. What is the units digit of t?
4
Let c(k) = -3*k**3 - 5*k**2 + 6*k - 3. Suppose -4*g + 2*l = -0*g + 26, -6 = -2*l. What is the hundreds digit of c(g)?
2
Suppose p = 3*a - 13315, -6355 = 3*a - 3*p - 19678